{"id":314,"date":"2024-02-18T09:13:15","date_gmt":"2024-02-18T08:13:15","guid":{"rendered":"http:\/\/5.150.219.51:61202\/?page_id=314"},"modified":"2026-02-04T21:09:54","modified_gmt":"2026-02-04T20:09:54","slug":"lindhes-oland","status":"publish","type":"page","link":"https:\/\/lindhesidan.se\/?page_id=314","title":{"rendered":"Lindhes \u00d6land"},"content":{"rendered":"\n<p>H\u00e4r bor vi och s\u00e5 h\u00e4r ser det ut just nu. Vi \u00e4r mitt uppe i renovering av omgivningarna runt stugorna. Projektet att  f\u00e4rdigst\u00e4lla trall och staket inf\u00f6r sommaren \u00e4r i stort sett klart. Uterummet \u00e4r klart och uppiffat. Lillstugan \u00e4r m\u00e5lad inv\u00e4ndigt och m\u00f6blemanget i stort sett ocks\u00e5 klart. B\u00e5de Lillstugan och boa har f\u00e5tt ny trall och \u00e4ven en utedusch. Mini SPA finns nu ocks\u00e5 och det \u00e4r j\u00e4ttesk\u00f6nt b\u00e5de vid varmt och kallt v\u00e4der. Nu \u00e5terst\u00e5r &#8221;tr\u00e4dg\u00e5rden&#8221; som blir n\u00e4sta sommars  projekt.<\/p>\n\n\n\n<figure class=\"wp-block-image size-large\"><img loading=\"lazy\" decoding=\"async\" width=\"1024\" height=\"576\" src=\"https:\/\/lindhesidan.se\/wp-content\/uploads\/2025\/08\/IMG_1708-1024x576.jpeg\" alt=\"\" class=\"wp-image-1122\" srcset=\"https:\/\/lindhesidan.se\/wp-content\/uploads\/2025\/08\/IMG_1708-1024x576.jpeg 1024w, https:\/\/lindhesidan.se\/wp-content\/uploads\/2025\/08\/IMG_1708-300x169.jpeg 300w, https:\/\/lindhesidan.se\/wp-content\/uploads\/2025\/08\/IMG_1708-768x432.jpeg 768w, https:\/\/lindhesidan.se\/wp-content\/uploads\/2025\/08\/IMG_1708-1536x864.jpeg 1536w, https:\/\/lindhesidan.se\/wp-content\/uploads\/2025\/08\/IMG_1708-2048x1152.jpeg 2048w\" sizes=\"auto, (max-width: 1024px) 100vw, 1024px\" \/><\/figure>\n\n\n\n<figure class=\"wp-block-gallery has-nested-images columns-default is-cropped wp-block-gallery-1 is-layout-flex wp-block-gallery-is-layout-flex\">\n<figure class=\"wp-block-image size-large\"><img loading=\"lazy\" decoding=\"async\" width=\"473\" height=\"1024\" data-id=\"337\" src=\"http:\/\/lindhesidan.se\/wp-content\/uploads\/2024\/02\/IMG_8203-473x1024.png\" alt=\"\" class=\"wp-image-337\" srcset=\"https:\/\/lindhesidan.se\/wp-content\/uploads\/2024\/02\/IMG_8203-473x1024.png 473w, https:\/\/lindhesidan.se\/wp-content\/uploads\/2024\/02\/IMG_8203-139x300.png 139w, https:\/\/lindhesidan.se\/wp-content\/uploads\/2024\/02\/IMG_8203-768x1663.png 768w, https:\/\/lindhesidan.se\/wp-content\/uploads\/2024\/02\/IMG_8203-709x1536.png 709w, https:\/\/lindhesidan.se\/wp-content\/uploads\/2024\/02\/IMG_8203-946x2048.png 946w, https:\/\/lindhesidan.se\/wp-content\/uploads\/2024\/02\/IMG_8203.png 1125w\" sizes=\"auto, (max-width: 473px) 100vw, 473px\" \/><\/figure>\n\n\n\n<figure class=\"wp-block-image size-large\"><img loading=\"lazy\" decoding=\"async\" width=\"473\" height=\"1024\" data-id=\"338\" src=\"http:\/\/lindhesidan.se\/wp-content\/uploads\/2024\/02\/IMG_8202-473x1024.png\" alt=\"\" class=\"wp-image-338\" srcset=\"https:\/\/lindhesidan.se\/wp-content\/uploads\/2024\/02\/IMG_8202-473x1024.png 473w, https:\/\/lindhesidan.se\/wp-content\/uploads\/2024\/02\/IMG_8202-139x300.png 139w, https:\/\/lindhesidan.se\/wp-content\/uploads\/2024\/02\/IMG_8202-768x1663.png 768w, https:\/\/lindhesidan.se\/wp-content\/uploads\/2024\/02\/IMG_8202-709x1536.png 709w, https:\/\/lindhesidan.se\/wp-content\/uploads\/2024\/02\/IMG_8202-946x2048.png 946w, https:\/\/lindhesidan.se\/wp-content\/uploads\/2024\/02\/IMG_8202.png 1125w\" sizes=\"auto, (max-width: 473px) 100vw, 473px\" \/><\/figure>\n\n\n\n<figure class=\"wp-block-image size-large\"><img loading=\"lazy\" decoding=\"async\" width=\"473\" height=\"1024\" data-id=\"339\" src=\"http:\/\/lindhesidan.se\/wp-content\/uploads\/2024\/02\/IMG_8205-473x1024.png\" alt=\"\" class=\"wp-image-339\" srcset=\"https:\/\/lindhesidan.se\/wp-content\/uploads\/2024\/02\/IMG_8205-473x1024.png 473w, https:\/\/lindhesidan.se\/wp-content\/uploads\/2024\/02\/IMG_8205-139x300.png 139w, https:\/\/lindhesidan.se\/wp-content\/uploads\/2024\/02\/IMG_8205-768x1663.png 768w, https:\/\/lindhesidan.se\/wp-content\/uploads\/2024\/02\/IMG_8205-709x1536.png 709w, https:\/\/lindhesidan.se\/wp-content\/uploads\/2024\/02\/IMG_8205-946x2048.png 946w, https:\/\/lindhesidan.se\/wp-content\/uploads\/2024\/02\/IMG_8205.png 1125w\" sizes=\"auto, (max-width: 473px) 100vw, 473px\" \/><\/figure>\n\n\n\n<figure class=\"wp-block-image size-large\"><img loading=\"lazy\" decoding=\"async\" width=\"1024\" height=\"576\" data-id=\"1124\" src=\"https:\/\/lindhesidan.se\/wp-content\/uploads\/2025\/08\/IMG_1706-1024x576.jpeg\" alt=\"\" class=\"wp-image-1124\" srcset=\"https:\/\/lindhesidan.se\/wp-content\/uploads\/2025\/08\/IMG_1706-1024x576.jpeg 1024w, https:\/\/lindhesidan.se\/wp-content\/uploads\/2025\/08\/IMG_1706-300x169.jpeg 300w, https:\/\/lindhesidan.se\/wp-content\/uploads\/2025\/08\/IMG_1706-768x432.jpeg 768w, https:\/\/lindhesidan.se\/wp-content\/uploads\/2025\/08\/IMG_1706-1536x864.jpeg 1536w, https:\/\/lindhesidan.se\/wp-content\/uploads\/2025\/08\/IMG_1706-2048x1152.jpeg 2048w\" sizes=\"auto, (max-width: 1024px) 100vw, 1024px\" \/><\/figure>\n\n\n\n<figure class=\"wp-block-image size-large\"><img loading=\"lazy\" decoding=\"async\" width=\"1024\" height=\"768\" data-id=\"1125\" src=\"https:\/\/lindhesidan.se\/wp-content\/uploads\/2025\/08\/IMG_1700-1024x768.jpeg\" alt=\"\" class=\"wp-image-1125\" srcset=\"https:\/\/lindhesidan.se\/wp-content\/uploads\/2025\/08\/IMG_1700-1024x768.jpeg 1024w, https:\/\/lindhesidan.se\/wp-content\/uploads\/2025\/08\/IMG_1700-300x225.jpeg 300w, https:\/\/lindhesidan.se\/wp-content\/uploads\/2025\/08\/IMG_1700-768x576.jpeg 768w, https:\/\/lindhesidan.se\/wp-content\/uploads\/2025\/08\/IMG_1700-1536x1152.jpeg 1536w, https:\/\/lindhesidan.se\/wp-content\/uploads\/2025\/08\/IMG_1700-2048x1536.jpeg 2048w\" sizes=\"auto, (max-width: 1024px) 100vw, 1024px\" \/><\/figure>\n\n\n\n<figure class=\"wp-block-image size-large\"><img loading=\"lazy\" decoding=\"async\" width=\"768\" height=\"1024\" data-id=\"1126\" src=\"https:\/\/lindhesidan.se\/wp-content\/uploads\/2025\/08\/IMG_1676-768x1024.jpeg\" alt=\"\" class=\"wp-image-1126\" srcset=\"https:\/\/lindhesidan.se\/wp-content\/uploads\/2025\/08\/IMG_1676-768x1024.jpeg 768w, https:\/\/lindhesidan.se\/wp-content\/uploads\/2025\/08\/IMG_1676-225x300.jpeg 225w, https:\/\/lindhesidan.se\/wp-content\/uploads\/2025\/08\/IMG_1676-1152x1536.jpeg 1152w, https:\/\/lindhesidan.se\/wp-content\/uploads\/2025\/08\/IMG_1676-1536x2048.jpeg 1536w, https:\/\/lindhesidan.se\/wp-content\/uploads\/2025\/08\/IMG_1676-scaled.jpeg 1920w\" sizes=\"auto, (max-width: 768px) 100vw, 768px\" \/><\/figure>\n<\/figure>\n\n\n\n<figure class=\"wp-block-gallery has-nested-images columns-default is-cropped wp-block-gallery-2 is-layout-flex wp-block-gallery-is-layout-flex\">\n<figure class=\"wp-block-image size-large\"><img loading=\"lazy\" decoding=\"async\" width=\"1024\" height=\"576\" data-id=\"1130\" src=\"https:\/\/lindhesidan.se\/wp-content\/uploads\/2025\/08\/IMG_1710-1024x576.jpeg\" alt=\"\" class=\"wp-image-1130\" srcset=\"https:\/\/lindhesidan.se\/wp-content\/uploads\/2025\/08\/IMG_1710-1024x576.jpeg 1024w, https:\/\/lindhesidan.se\/wp-content\/uploads\/2025\/08\/IMG_1710-300x169.jpeg 300w, https:\/\/lindhesidan.se\/wp-content\/uploads\/2025\/08\/IMG_1710-768x432.jpeg 768w, https:\/\/lindhesidan.se\/wp-content\/uploads\/2025\/08\/IMG_1710-1536x864.jpeg 1536w, https:\/\/lindhesidan.se\/wp-content\/uploads\/2025\/08\/IMG_1710-2048x1152.jpeg 2048w\" sizes=\"auto, (max-width: 1024px) 100vw, 1024px\" \/><figcaption class=\"wp-element-caption\">Nytt insynsskydd<\/figcaption><\/figure>\n\n\n\n<figure class=\"wp-block-image size-large\"><img loading=\"lazy\" decoding=\"async\" width=\"1024\" height=\"576\" data-id=\"1136\" src=\"https:\/\/lindhesidan.se\/wp-content\/uploads\/2025\/08\/IMG_1714-1024x576.jpeg\" alt=\"\" class=\"wp-image-1136\" srcset=\"https:\/\/lindhesidan.se\/wp-content\/uploads\/2025\/08\/IMG_1714-1024x576.jpeg 1024w, https:\/\/lindhesidan.se\/wp-content\/uploads\/2025\/08\/IMG_1714-300x169.jpeg 300w, https:\/\/lindhesidan.se\/wp-content\/uploads\/2025\/08\/IMG_1714-768x432.jpeg 768w, https:\/\/lindhesidan.se\/wp-content\/uploads\/2025\/08\/IMG_1714-1536x864.jpeg 1536w, https:\/\/lindhesidan.se\/wp-content\/uploads\/2025\/08\/IMG_1714-2048x1152.jpeg 2048w\" sizes=\"auto, (max-width: 1024px) 100vw, 1024px\" \/><figcaption class=\"wp-element-caption\">Fyllt ut med jord<\/figcaption><\/figure>\n\n\n\n<figure class=\"wp-block-image size-large\"><img loading=\"lazy\" decoding=\"async\" width=\"1024\" height=\"576\" data-id=\"1132\" src=\"https:\/\/lindhesidan.se\/wp-content\/uploads\/2025\/08\/IMG_1704-1024x576.jpeg\" alt=\"\" class=\"wp-image-1132\" srcset=\"https:\/\/lindhesidan.se\/wp-content\/uploads\/2025\/08\/IMG_1704-1024x576.jpeg 1024w, https:\/\/lindhesidan.se\/wp-content\/uploads\/2025\/08\/IMG_1704-300x169.jpeg 300w, https:\/\/lindhesidan.se\/wp-content\/uploads\/2025\/08\/IMG_1704-768x432.jpeg 768w, https:\/\/lindhesidan.se\/wp-content\/uploads\/2025\/08\/IMG_1704-1536x864.jpeg 1536w, https:\/\/lindhesidan.se\/wp-content\/uploads\/2025\/08\/IMG_1704-2048x1152.jpeg 2048w\" sizes=\"auto, (max-width: 1024px) 100vw, 1024px\" \/><\/figure>\n\n\n\n<figure class=\"wp-block-image size-large\"><img loading=\"lazy\" decoding=\"async\" width=\"1024\" height=\"576\" data-id=\"1129\" src=\"https:\/\/lindhesidan.se\/wp-content\/uploads\/2025\/08\/IMG_1706-1-1024x576.jpeg\" alt=\"\" class=\"wp-image-1129\" srcset=\"https:\/\/lindhesidan.se\/wp-content\/uploads\/2025\/08\/IMG_1706-1-1024x576.jpeg 1024w, https:\/\/lindhesidan.se\/wp-content\/uploads\/2025\/08\/IMG_1706-1-300x169.jpeg 300w, https:\/\/lindhesidan.se\/wp-content\/uploads\/2025\/08\/IMG_1706-1-768x432.jpeg 768w, https:\/\/lindhesidan.se\/wp-content\/uploads\/2025\/08\/IMG_1706-1-1536x864.jpeg 1536w, https:\/\/lindhesidan.se\/wp-content\/uploads\/2025\/08\/IMG_1706-1-2048x1152.jpeg 2048w\" sizes=\"auto, (max-width: 1024px) 100vw, 1024px\" \/><figcaption class=\"wp-element-caption\">Nya staket och insynskydd<\/figcaption><\/figure>\n\n\n\n<figure class=\"wp-block-image size-large\"><img loading=\"lazy\" decoding=\"async\" width=\"1024\" height=\"576\" data-id=\"1131\" src=\"https:\/\/lindhesidan.se\/wp-content\/uploads\/2025\/08\/IMG_1707-1024x576.jpeg\" alt=\"\" class=\"wp-image-1131\" srcset=\"https:\/\/lindhesidan.se\/wp-content\/uploads\/2025\/08\/IMG_1707-1024x576.jpeg 1024w, https:\/\/lindhesidan.se\/wp-content\/uploads\/2025\/08\/IMG_1707-300x169.jpeg 300w, https:\/\/lindhesidan.se\/wp-content\/uploads\/2025\/08\/IMG_1707-768x432.jpeg 768w, https:\/\/lindhesidan.se\/wp-content\/uploads\/2025\/08\/IMG_1707-1536x864.jpeg 1536w, https:\/\/lindhesidan.se\/wp-content\/uploads\/2025\/08\/IMG_1707-2048x1152.jpeg 2048w\" sizes=\"auto, (max-width: 1024px) 100vw, 1024px\" \/><\/figure>\n\n\n\n<figure class=\"wp-block-image size-large\"><img loading=\"lazy\" decoding=\"async\" width=\"1024\" height=\"768\" data-id=\"1134\" src=\"https:\/\/lindhesidan.se\/wp-content\/uploads\/2025\/08\/IMG_1693-1024x768.jpeg\" alt=\"\" class=\"wp-image-1134\" srcset=\"https:\/\/lindhesidan.se\/wp-content\/uploads\/2025\/08\/IMG_1693-1024x768.jpeg 1024w, https:\/\/lindhesidan.se\/wp-content\/uploads\/2025\/08\/IMG_1693-300x225.jpeg 300w, https:\/\/lindhesidan.se\/wp-content\/uploads\/2025\/08\/IMG_1693-768x576.jpeg 768w, https:\/\/lindhesidan.se\/wp-content\/uploads\/2025\/08\/IMG_1693-1536x1152.jpeg 1536w, https:\/\/lindhesidan.se\/wp-content\/uploads\/2025\/08\/IMG_1693-2048x1536.jpeg 2048w\" sizes=\"auto, (max-width: 1024px) 100vw, 1024px\" \/><figcaption class=\"wp-element-caption\">Ny trall och SPA<\/figcaption><\/figure>\n\n\n\n<figure class=\"wp-block-image size-large\"><img loading=\"lazy\" decoding=\"async\" width=\"1024\" height=\"768\" data-id=\"1135\" src=\"https:\/\/lindhesidan.se\/wp-content\/uploads\/2025\/08\/IMG_1700-1-1024x768.jpeg\" alt=\"\" class=\"wp-image-1135\" srcset=\"https:\/\/lindhesidan.se\/wp-content\/uploads\/2025\/08\/IMG_1700-1-1024x768.jpeg 1024w, https:\/\/lindhesidan.se\/wp-content\/uploads\/2025\/08\/IMG_1700-1-300x225.jpeg 300w, https:\/\/lindhesidan.se\/wp-content\/uploads\/2025\/08\/IMG_1700-1-768x576.jpeg 768w, https:\/\/lindhesidan.se\/wp-content\/uploads\/2025\/08\/IMG_1700-1-1536x1152.jpeg 1536w, https:\/\/lindhesidan.se\/wp-content\/uploads\/2025\/08\/IMG_1700-1-2048x1536.jpeg 2048w\" sizes=\"auto, (max-width: 1024px) 100vw, 1024px\" \/><\/figure>\n\n\n\n<figure class=\"wp-block-image size-large\"><img loading=\"lazy\" decoding=\"async\" width=\"1024\" height=\"576\" data-id=\"1133\" src=\"https:\/\/lindhesidan.se\/wp-content\/uploads\/2025\/08\/IMG_1711-1024x576.jpeg\" alt=\"\" class=\"wp-image-1133\" srcset=\"https:\/\/lindhesidan.se\/wp-content\/uploads\/2025\/08\/IMG_1711-1024x576.jpeg 1024w, https:\/\/lindhesidan.se\/wp-content\/uploads\/2025\/08\/IMG_1711-300x169.jpeg 300w, https:\/\/lindhesidan.se\/wp-content\/uploads\/2025\/08\/IMG_1711-768x432.jpeg 768w, https:\/\/lindhesidan.se\/wp-content\/uploads\/2025\/08\/IMG_1711-1536x864.jpeg 1536w, https:\/\/lindhesidan.se\/wp-content\/uploads\/2025\/08\/IMG_1711-2048x1152.jpeg 2048w\" sizes=\"auto, (max-width: 1024px) 100vw, 1024px\" \/><\/figure>\n\n\n\n<figure class=\"wp-block-image size-large\"><img loading=\"lazy\" decoding=\"async\" width=\"1024\" height=\"576\" data-id=\"1127\" src=\"https:\/\/lindhesidan.se\/wp-content\/uploads\/2025\/08\/IMG_1690-1024x576.jpeg\" alt=\"\" class=\"wp-image-1127\" srcset=\"https:\/\/lindhesidan.se\/wp-content\/uploads\/2025\/08\/IMG_1690-1024x576.jpeg 1024w, https:\/\/lindhesidan.se\/wp-content\/uploads\/2025\/08\/IMG_1690-300x169.jpeg 300w, https:\/\/lindhesidan.se\/wp-content\/uploads\/2025\/08\/IMG_1690-768x432.jpeg 768w, https:\/\/lindhesidan.se\/wp-content\/uploads\/2025\/08\/IMG_1690-1536x864.jpeg 1536w, https:\/\/lindhesidan.se\/wp-content\/uploads\/2025\/08\/IMG_1690.jpeg 1920w\" sizes=\"auto, (max-width: 1024px) 100vw, 1024px\" \/><\/figure>\n\n\n\n<figure class=\"wp-block-image size-large\"><img loading=\"lazy\" decoding=\"async\" width=\"1024\" height=\"768\" data-id=\"1128\" src=\"https:\/\/lindhesidan.se\/wp-content\/uploads\/2025\/08\/IMG_1647-1-1024x768.jpeg\" alt=\"\" class=\"wp-image-1128\" srcset=\"https:\/\/lindhesidan.se\/wp-content\/uploads\/2025\/08\/IMG_1647-1-1024x768.jpeg 1024w, https:\/\/lindhesidan.se\/wp-content\/uploads\/2025\/08\/IMG_1647-1-300x225.jpeg 300w, https:\/\/lindhesidan.se\/wp-content\/uploads\/2025\/08\/IMG_1647-1-768x576.jpeg 768w, https:\/\/lindhesidan.se\/wp-content\/uploads\/2025\/08\/IMG_1647-1-1536x1152.jpeg 1536w, https:\/\/lindhesidan.se\/wp-content\/uploads\/2025\/08\/IMG_1647-1-2048x1536.jpeg 2048w\" sizes=\"auto, (max-width: 1024px) 100vw, 1024px\" \/><figcaption class=\"wp-element-caption\">Myslampor uppsatta<\/figcaption><\/figure>\n<\/figure>\n","protected":false},"excerpt":{"rendered":"<p>H\u00e4r bor vi och s\u00e5 h\u00e4r ser det ut just nu. Vi \u00e4r mitt uppe i renovering av omgivningarna runt stugorna. Projektet att f\u00e4rdigst\u00e4lla trall och staket inf\u00f6r sommaren \u00e4r i stort sett klart. Uterummet \u00e4r klart och uppiffat. Lillstugan \u00e4r m\u00e5lad inv\u00e4ndigt och m\u00f6blemanget i stort sett ocks\u00e5 klart. B\u00e5de Lillstugan och boa har [&hellip;]<\/p>\n","protected":false},"author":1,"featured_media":0,"parent":0,"menu_order":0,"comment_status":"closed","ping_status":"closed","template":"","meta":{"footnotes":""},"class_list":["post-314","page","type-page","status-publish","hentry"],"_links":{"self":[{"href":"https:\/\/lindhesidan.se\/index.php?rest_route=\/wp\/v2\/pages\/314","targetHints":{"allow":["GET"]}}],"collection":[{"href":"https:\/\/lindhesidan.se\/index.php?rest_route=\/wp\/v2\/pages"}],"about":[{"href":"https:\/\/lindhesidan.se\/index.php?rest_route=\/wp\/v2\/types\/page"}],"author":[{"embeddable":true,"href":"https:\/\/lindhesidan.se\/index.php?rest_route=\/wp\/v2\/users\/1"}],"replies":[{"embeddable":true,"href":"https:\/\/lindhesidan.se\/index.php?rest_route=%2Fwp%2Fv2%2Fcomments&post=314"}],"version-history":[{"count":11,"href":"https:\/\/lindhesidan.se\/index.php?rest_route=\/wp\/v2\/pages\/314\/revisions"}],"predecessor-version":[{"id":1283,"href":"https:\/\/lindhesidan.se\/index.php?rest_route=\/wp\/v2\/pages\/314\/revisions\/1283"}],"wp:attachment":[{"href":"https:\/\/lindhesidan.se\/index.php?rest_route=%2Fwp%2Fv2%2Fmedia&parent=314"}],"curies":[{"name":"wp","href":"https:\/\/api.w.org\/{rel}","templated":true}]}}